{"id":43,"date":"2016-12-12T20:02:55","date_gmt":"2016-12-12T20:02:55","guid":{"rendered":"http:\/\/franciscaclaret.com\/wordpress\/?page_id=43"},"modified":"2016-12-12T20:02:55","modified_gmt":"2016-12-12T20:02:55","slug":"tesis","status":"publish","type":"page","link":"https:\/\/franciscaclaret.com\/wordpress\/tesis\/","title":{"rendered":"Tesis"},"content":{"rendered":"<p><img loading=\"lazy\" decoding=\"async\" class=\"alignleft size-full wp-image-41\" src=\"http:\/\/franciscaclaret.com\/wordpress\/wp-content\/uploads\/2016\/12\/elfuerte-001.png\" alt=\"\" width=\"294\" height=\"161\" \/><strong>OBSERVATORIO ASTRONOMICO &#8220;EL FUERTE&#8221;<\/strong><\/p>\n<p>La propuesta de un observatorio astron\u00f3mico cuyo instrumento principal sea un radiotelescopio es un proyecto importante. Se propone la zona de Samaipata a unos 12 kil\u00f3metros del Fuerte, siendo de aqu\u00ed donde se obtiene el nombre &#8220;Observatorio Astron\u00f3mico El Fuerte&#8221;. El concepto es consonante con la historia del \u00e1rea, ya que al ser el Fuerte mismo un centro ceremonial precolombino, el estudio o la contemplaci\u00f3n de las estrellas era algo habitual de parte de nuestros ancestros. La zona fue elegida porque cumple con algunos requisitos b\u00e1sicos tales como ser un lugar apartado, no existe mayor interferencia de ondas de radio y la topograf\u00eda ayuda a aislarlo de la contaminaci\u00f3n de ondas.<\/p>\n<p>(T\u00e9sis defendida por Francisca Claret en la Universidad Aut\u00f3noma Gabriel Ren\u00e9 Moreno, Santa Cruz de la Sierra, Bolivia, 2013)<\/p>\n<p><a href=\"http:\/\/franciscaclaret.com\/docs\/Tesis%20Observatorio%20El%20Fuerte%20-%20FClaret%202013.pdf\">Tesis Observatorio El Fuerte &#8211; FClaret 2013.pdf<\/a><br \/>\n<a href=\"http:\/\/franciscaclaret.com\/docs\/Porteria.pdf\">Porteria.pdf<\/a><br \/>\n<a href=\"http:\/\/franciscaclaret.com\/docs\/Premisas%20y%20planimetria%20general.pdf\">Premisas y planimetria general.pdf<\/a><br \/>\n<a href=\"http:\/\/franciscaclaret.com\/docs\/Tanque%20de%20agua.pdf\">Tanque de agua.pdf<\/a><br \/>\n<a href=\"http:\/\/franciscaclaret.com\/docs\/Galpon.pdf\">Galpon.pdf<\/a><br \/>\n<a href=\"http:\/\/franciscaclaret.com\/docs\/Area%20de%20desechos.pdf\">Area de desechos.pdf<\/a><br \/>\n<a href=\"http:\/\/franciscaclaret.com\/docs\/Edificio%20habitacional%201.pdf\">Edificio habitacional 1.pdf<\/a><br \/>\n<a href=\"http:\/\/franciscaclaret.com\/docs\/Edificio%20habitacional%202.pdf\">Edificio habitacional 2.pdf<\/a><br \/>\n<a href=\"http:\/\/franciscaclaret.com\/docs\/Edificio%20habitacional%203-a.pdf\">Edificio habitacional 3-a.pdf<\/a><br \/>\n<a href=\"http:\/\/franciscaclaret.com\/docs\/Edificio%20habitacional%203-b.pdf\">Edificio habitacional 3-b.pdf<\/a><\/p>\n","protected":false},"excerpt":{"rendered":"<p>OBSERVATORIO ASTRONOMICO &#8220;EL FUERTE&#8221; La propuesta de un observatorio astron\u00f3mico cuyo instrumento principal sea un radiotelescopio es un proyecto importante. Se propone la zona de Samaipata a unos 12 kil\u00f3metros del Fuerte, siendo de aqu\u00ed donde se obtiene el nombre &#8220;Observatorio Astron\u00f3mico El Fuerte&#8221;. El concepto es consonante con la historia del \u00e1rea, ya que &hellip; <a href=\"https:\/\/franciscaclaret.com\/wordpress\/tesis\/\" class=\"more-link\">Continue reading<span class=\"screen-reader-text\"> &#8220;Tesis&#8221;<\/span><\/a><\/p>\n","protected":false},"author":1,"featured_media":0,"parent":0,"menu_order":0,"comment_status":"closed","ping_status":"closed","template":"","meta":{"footnotes":""},"_links":{"self":[{"href":"https:\/\/franciscaclaret.com\/wordpress\/wp-json\/wp\/v2\/pages\/43"}],"collection":[{"href":"https:\/\/franciscaclaret.com\/wordpress\/wp-json\/wp\/v2\/pages"}],"about":[{"href":"https:\/\/franciscaclaret.com\/wordpress\/wp-json\/wp\/v2\/types\/page"}],"author":[{"embeddable":true,"href":"https:\/\/franciscaclaret.com\/wordpress\/wp-json\/wp\/v2\/users\/1"}],"replies":[{"embeddable":true,"href":"https:\/\/franciscaclaret.com\/wordpress\/wp-json\/wp\/v2\/comments?post=43"}],"version-history":[{"count":1,"href":"https:\/\/franciscaclaret.com\/wordpress\/wp-json\/wp\/v2\/pages\/43\/revisions"}],"predecessor-version":[{"id":44,"href":"https:\/\/franciscaclaret.com\/wordpress\/wp-json\/wp\/v2\/pages\/43\/revisions\/44"}],"wp:attachment":[{"href":"https:\/\/franciscaclaret.com\/wordpress\/wp-json\/wp\/v2\/media?parent=43"}],"curies":[{"name":"wp","href":"https:\/\/api.w.org\/{rel}","templated":true}]}}